{"id":11103,"date":"2025-04-14T15:36:11","date_gmt":"2025-04-14T13:36:11","guid":{"rendered":"https:\/\/www.m2act.ch\/?post_type=projects&#038;p=11103"},"modified":"2026-02-11T09:54:23","modified_gmt":"2026-02-11T08:54:23","slug":"fit-for-the-future","status":"publish","type":"projects","link":"https:\/\/www.m2act.ch\/fr\/projects\/fit-for-the-future\/","title":{"rendered":"FIT Festival Internazionale del Teatro e della scena contemporanea \u2013 Lugano: FIT for the future"},"content":{"rendered":"\n<p><em>FIT for the Future <\/em>est un projet de transformation et d\u2019accompagnement curatoriel d\u2019une dur\u00e9e de trois ans, con\u00e7u pour devenir un mod\u00e8le de r\u00e9f\u00e9rence dans le panorama artistique. N\u00e9 dans le contexte particulier du Canton du Tessin, territoire caract\u00e9ris\u00e9 par des ressources extr\u00eamement limit\u00e9es, ce parcours entend r\u00e9pondre \u00e0 un besoin profond de renouvellement, non seulement dans la forme mais aussi dans la m\u00e9thode. Concr\u00e8tement, <em>FIT for the Future <\/em>aborde les questions suivantes : Comment garantir qu\u2019un r\u00e9seau fortement li\u00e9 \u00e0 une seule personne \u2013 compos\u00e9 de partenaires, de soutiens et de public.que.s \u2013 puisse \u00eatre transmis \u00e0 celle.eux qui prendra la rel\u00e8ve ? Comment assurer le transfert de connaissances en vue d\u2019un changement de direction, par exemple en particulier, avec le passage d\u2019une direction individuelle \u00e0 une co-direction et puis, \u00e0 nouveau, \u00e0 une direction individuelle ?<\/p>\n\n\n\n<p>Dans une r\u00e9gion o\u00f9 souvent le soutien institutionnel \u00e0 la culture ind\u00e9pendante est sous-dimensionn\u00e9 et o\u00f9 souvent les m\u00e9tiers li\u00e9s \u00e0 la culture ind\u00e9pendante ne sont pas con\u00e7us comme une profession, <em>FIT for the Future <\/em>veut r\u00e9affirmer qu\u2019un festival n\u2019est pas un privil\u00e8ge, mais un service pour la collectivit\u00e9, un moteur culturel et \u00e9conomique pour la r\u00e9gion.<\/p>\n\n\n\n<p>Le projet ne se concentre pas sur la simple substitution d\u2019une figure directive par une autre, mais s\u2019interroge sur comment ce passage se produit : sur le processus, sur le soin, sur la possibilit\u00e9 r\u00e9elle de construire ensemble un contexte de travail sain, libre de dynamiques toxiques, de comp\u00e9titions et de pressions. Le changement de leadership est donc compris comme un mouvement interne, relationnel, progressif : un temps d\u2019apprentissage r\u00e9ciproque, de construction partag\u00e9e, de co-curation.<\/p>\n\n\n\n<p>L\u2019objectif est de tester un mod\u00e8le de transition durable, sans pr\u00e9d\u00e9terminer les d\u00e9lais ou l\u2019issue finale. La direction artistique de Paola Tripoli, avec l\u2019artiste et metteur en sc\u00e8ne Simon Waldvogel \u2013 qui a d\u00e9j\u00e0 collabor\u00e9 au fil des ann\u00e9es avec le <em>FIT <\/em>\u2013 et l\u2019\u00e9quipe du festival, s\u2019engagera dans un passage en fondu, o\u00f9 la figure sortante accompagne graduellement l\u2019entr\u00e9e de la nouvelle, favorisant un changement organique et sans fractures.<\/p>\n\n\n\n<p>Le <em>FIT,<\/em> ces derni\u00e8res ann\u00e9es, a toujours plac\u00e9 au centre de sa vision l\u2019id\u00e9e que le th\u00e9\u00e2tre n\u2019a de sens que s\u2019il est v\u00e9cu comme un processus qui cr\u00e9e une communaut\u00e9. C\u2019est pr\u00e9cis\u00e9ment son humanisme qui le rend radicalement diff\u00e9rent d\u2019autres domaines. <em>FIT for the Future <\/em>se d\u00e9place dans la m\u00eame direction : comme tout processus authentique, il porte avec lui le risque de l\u2019erreur mais aussi la promesse de la d\u00e9couverte. C\u2019est un exercice d\u2019exp\u00e9rimentation, ouvert, fluide et conscient de ses contradictions, qui veut offrir au monde des arts sc\u00e9niques \u2013 et pas seulement \u2013 un mod\u00e8le inspirant, capable de \u00ab r\u00e9g\u00e9n\u00e9rer sans couper \u00bb.<\/p>\n\n\n\n<p><\/p>\n\n\n<div class=\"wp-bootstrap-blocks-row row\">\n\t\n\n<div class=\"col-12 col-md-8\">\n\t\t\t\n\n    <div id=\"text-shadow-box-block_95bbc3b7cb0768fbd04986547634054b\" class=\"mod-text-shadow-box\" data-scheme=\"white\">\n\t\t<p><strong>Personnes impliqu\u00e9es<\/strong><\/p>\n<div>\n<p><strong>Paola Tripoli, <\/strong>direction artistique<\/p>\n<p><strong>Simon Waldvogel,<\/strong> b\u00e9n\u00e9ficiaire du projet<\/p>\n<p>En collaboration avec <strong>l\u2019\u00e9quipe du FIT<\/strong><\/p>\n<p><strong>Katia Gandolfi,<\/strong> assistante et responsable des projets sp\u00e9ciau<\/p>\n<p><strong>Belma Dizdarevic de Marchi,<\/strong> secr\u00e9tariat et production<\/p>\n<p>En collaboration avec <strong>d\u2019autres institutions th\u00e9\u00e2trales nationales et internationales<\/strong><\/p>\n<\/div>\n    <\/div>\n\n\t<\/div>\n\n\n\n<div class=\"col-12 col-md-4\">\n\t\t\t\n\n    <div id=\"text-shadow-box-block_131c02eb5d2c4d3bd211d7321d11ac86\" class=\"mod-text-shadow-box\" data-scheme=\"yellow\">\n\t\t<p><b>Plus d\u2019informations<\/b><\/p>\n<p><a href=\"https:\/\/www.fitfestival.ch\/\">Site Web<\/a><br \/>\n<a href=\"https:\/\/www.instagram.com\/fitfestlugano\/\">Instagram<\/a><br \/>\n<a href=\"https:\/\/www.facebook.com\/fitfestlugano\/\">Facebook<\/a><\/p>\n<p>&nbsp;<\/p>\n<p>&nbsp;<\/p>\n    <\/div>\n\n\t<\/div>\n\n<\/div>\n\n\n\n<p><\/p>\n","protected":false},"featured_media":11290,"template":"","categories":[319],"jahr":[],"class_list":["post-11103","projects","type-projects","status-publish","has-post-thumbnail","hentry","category-2028-2025-3"],"acf":[],"yoast_head":"<!-- This site is optimized with the Yoast SEO plugin v27.2 - https:\/\/yoast.com\/product\/yoast-seo-wordpress\/ -->\n<title>FIT Festival Internazionale del Teatro e della scena contemporanea \u2013 Lugano: FIT for the future - M2ACT<\/title>\n<meta name=\"robots\" content=\"index, follow, max-snippet:-1, max-image-preview:large, max-video-preview:-1\" \/>\n<link rel=\"canonical\" href=\"https:\/\/www.m2act.ch\/fr\/projects\/fit-for-the-future\/\" \/>\n<meta property=\"og:locale\" content=\"fr_FR\" \/>\n<meta property=\"og:type\" content=\"article\" \/>\n<meta property=\"og:title\" content=\"FIT Festival Internazionale del Teatro e della scena contemporanea \u2013 Lugano: FIT for the future - M2ACT\" \/>\n<meta property=\"og:description\" content=\"FIT for the Future est un projet de transformation et d\u2019accompagnement curatoriel d\u2019une dur\u00e9e de trois ans, con\u00e7u pour devenir un mod\u00e8le de r\u00e9f\u00e9rence dans le panorama artistique. N\u00e9 dans le contexte particulier du Canton du Tessin, territoire caract\u00e9ris\u00e9 par des ressources extr\u00eamement limit\u00e9es, ce parcours entend r\u00e9pondre \u00e0 un besoin profond de renouvellement, non [&hellip;]\" \/>\n<meta property=\"og:url\" content=\"https:\/\/www.m2act.ch\/fr\/projects\/fit-for-the-future\/\" \/>\n<meta property=\"og:site_name\" content=\"M2ACT\" \/>\n<meta property=\"article:modified_time\" content=\"2026-02-11T08:54:23+00:00\" \/>\n<meta property=\"og:image\" content=\"https:\/\/www.m2act.ch\/wp-content\/uploads\/2025\/04\/Logo-Fit-exact.png\" \/>\n\t<meta property=\"og:image:width\" content=\"1080\" \/>\n\t<meta property=\"og:image:height\" content=\"1080\" \/>\n\t<meta property=\"og:image:type\" content=\"image\/png\" \/>\n<meta name=\"twitter:card\" content=\"summary_large_image\" \/>\n<meta name=\"twitter:label1\" content=\"Dur\u00e9e de lecture estim\u00e9e\" \/>\n\t<meta name=\"twitter:data1\" content=\"3 minutes\" \/>\n<script type=\"application\/ld+json\" class=\"yoast-schema-graph\">{\"@context\":\"https:\/\/schema.org\",\"@graph\":[{\"@type\":\"WebPage\",\"@id\":\"https:\/\/www.m2act.ch\/fr\/projects\/fit-for-the-future\/\",\"url\":\"https:\/\/www.m2act.ch\/fr\/projects\/fit-for-the-future\/\",\"name\":\"FIT Festival Internazionale del Teatro e della scena contemporanea \u2013 Lugano: FIT for the future - M2ACT\",\"isPartOf\":{\"@id\":\"https:\/\/www.m2act.ch\/en\/#website\"},\"primaryImageOfPage\":{\"@id\":\"https:\/\/www.m2act.ch\/fr\/projects\/fit-for-the-future\/#primaryimage\"},\"image\":{\"@id\":\"https:\/\/www.m2act.ch\/fr\/projects\/fit-for-the-future\/#primaryimage\"},\"thumbnailUrl\":\"https:\/\/www.m2act.ch\/wp-content\/uploads\/2025\/04\/Logo-Fit-exact.png\",\"datePublished\":\"2025-04-14T13:36:11+00:00\",\"dateModified\":\"2026-02-11T08:54:23+00:00\",\"breadcrumb\":{\"@id\":\"https:\/\/www.m2act.ch\/fr\/projects\/fit-for-the-future\/#breadcrumb\"},\"inLanguage\":\"fr-FR\",\"potentialAction\":[{\"@type\":\"ReadAction\",\"target\":[\"https:\/\/www.m2act.ch\/fr\/projects\/fit-for-the-future\/\"]}]},{\"@type\":\"ImageObject\",\"inLanguage\":\"fr-FR\",\"@id\":\"https:\/\/www.m2act.ch\/fr\/projects\/fit-for-the-future\/#primaryimage\",\"url\":\"https:\/\/www.m2act.ch\/wp-content\/uploads\/2025\/04\/Logo-Fit-exact.png\",\"contentUrl\":\"https:\/\/www.m2act.ch\/wp-content\/uploads\/2025\/04\/Logo-Fit-exact.png\",\"width\":1080,\"height\":1080},{\"@type\":\"BreadcrumbList\",\"@id\":\"https:\/\/www.m2act.ch\/fr\/projects\/fit-for-the-future\/#breadcrumb\",\"itemListElement\":[{\"@type\":\"ListItem\",\"position\":1,\"name\":\"Startseite\",\"item\":\"https:\/\/www.m2act.ch\/fr\/\"},{\"@type\":\"ListItem\",\"position\":2,\"name\":\"FIT Festival Internazionale del Teatro e della scena contemporanea \u2013 Lugano: FIT for the future\"}]},{\"@type\":\"WebSite\",\"@id\":\"https:\/\/www.m2act.ch\/en\/#website\",\"url\":\"https:\/\/www.m2act.ch\/en\/\",\"name\":\"M2ACT\",\"description\":\"Ein Projekt von Migros Kulturprozent\",\"potentialAction\":[{\"@type\":\"SearchAction\",\"target\":{\"@type\":\"EntryPoint\",\"urlTemplate\":\"https:\/\/www.m2act.ch\/en\/?s={search_term_string}\"},\"query-input\":{\"@type\":\"PropertyValueSpecification\",\"valueRequired\":true,\"valueName\":\"search_term_string\"}}],\"inLanguage\":\"fr-FR\"}]}<\/script>\n<!-- \/ Yoast SEO plugin. -->","yoast_head_json":{"title":"FIT Festival Internazionale del Teatro e della scena contemporanea \u2013 Lugano: FIT for the future - M2ACT","robots":{"index":"index","follow":"follow","max-snippet":"max-snippet:-1","max-image-preview":"max-image-preview:large","max-video-preview":"max-video-preview:-1"},"canonical":"https:\/\/www.m2act.ch\/fr\/projects\/fit-for-the-future\/","og_locale":"fr_FR","og_type":"article","og_title":"FIT Festival Internazionale del Teatro e della scena contemporanea \u2013 Lugano: FIT for the future - M2ACT","og_description":"FIT for the Future est un projet de transformation et d\u2019accompagnement curatoriel d\u2019une dur\u00e9e de trois ans, con\u00e7u pour devenir un mod\u00e8le de r\u00e9f\u00e9rence dans le panorama artistique. N\u00e9 dans le contexte particulier du Canton du Tessin, territoire caract\u00e9ris\u00e9 par des ressources extr\u00eamement limit\u00e9es, ce parcours entend r\u00e9pondre \u00e0 un besoin profond de renouvellement, non [&hellip;]","og_url":"https:\/\/www.m2act.ch\/fr\/projects\/fit-for-the-future\/","og_site_name":"M2ACT","article_modified_time":"2026-02-11T08:54:23+00:00","og_image":[{"width":1080,"height":1080,"url":"https:\/\/www.m2act.ch\/wp-content\/uploads\/2025\/04\/Logo-Fit-exact.png","type":"image\/png"}],"twitter_card":"summary_large_image","twitter_misc":{"Dur\u00e9e de lecture estim\u00e9e":"3 minutes"},"schema":{"@context":"https:\/\/schema.org","@graph":[{"@type":"WebPage","@id":"https:\/\/www.m2act.ch\/fr\/projects\/fit-for-the-future\/","url":"https:\/\/www.m2act.ch\/fr\/projects\/fit-for-the-future\/","name":"FIT Festival Internazionale del Teatro e della scena contemporanea \u2013 Lugano: FIT for the future - M2ACT","isPartOf":{"@id":"https:\/\/www.m2act.ch\/en\/#website"},"primaryImageOfPage":{"@id":"https:\/\/www.m2act.ch\/fr\/projects\/fit-for-the-future\/#primaryimage"},"image":{"@id":"https:\/\/www.m2act.ch\/fr\/projects\/fit-for-the-future\/#primaryimage"},"thumbnailUrl":"https:\/\/www.m2act.ch\/wp-content\/uploads\/2025\/04\/Logo-Fit-exact.png","datePublished":"2025-04-14T13:36:11+00:00","dateModified":"2026-02-11T08:54:23+00:00","breadcrumb":{"@id":"https:\/\/www.m2act.ch\/fr\/projects\/fit-for-the-future\/#breadcrumb"},"inLanguage":"fr-FR","potentialAction":[{"@type":"ReadAction","target":["https:\/\/www.m2act.ch\/fr\/projects\/fit-for-the-future\/"]}]},{"@type":"ImageObject","inLanguage":"fr-FR","@id":"https:\/\/www.m2act.ch\/fr\/projects\/fit-for-the-future\/#primaryimage","url":"https:\/\/www.m2act.ch\/wp-content\/uploads\/2025\/04\/Logo-Fit-exact.png","contentUrl":"https:\/\/www.m2act.ch\/wp-content\/uploads\/2025\/04\/Logo-Fit-exact.png","width":1080,"height":1080},{"@type":"BreadcrumbList","@id":"https:\/\/www.m2act.ch\/fr\/projects\/fit-for-the-future\/#breadcrumb","itemListElement":[{"@type":"ListItem","position":1,"name":"Startseite","item":"https:\/\/www.m2act.ch\/fr\/"},{"@type":"ListItem","position":2,"name":"FIT Festival Internazionale del Teatro e della scena contemporanea \u2013 Lugano: FIT for the future"}]},{"@type":"WebSite","@id":"https:\/\/www.m2act.ch\/en\/#website","url":"https:\/\/www.m2act.ch\/en\/","name":"M2ACT","description":"Ein Projekt von Migros Kulturprozent","potentialAction":[{"@type":"SearchAction","target":{"@type":"EntryPoint","urlTemplate":"https:\/\/www.m2act.ch\/en\/?s={search_term_string}"},"query-input":{"@type":"PropertyValueSpecification","valueRequired":true,"valueName":"search_term_string"}}],"inLanguage":"fr-FR"}]}},"_links":{"self":[{"href":"https:\/\/www.m2act.ch\/fr\/wp-json\/wp\/v2\/projects\/11103","targetHints":{"allow":["GET"]}}],"collection":[{"href":"https:\/\/www.m2act.ch\/fr\/wp-json\/wp\/v2\/projects"}],"about":[{"href":"https:\/\/www.m2act.ch\/fr\/wp-json\/wp\/v2\/types\/projects"}],"version-history":[{"count":7,"href":"https:\/\/www.m2act.ch\/fr\/wp-json\/wp\/v2\/projects\/11103\/revisions"}],"predecessor-version":[{"id":14548,"href":"https:\/\/www.m2act.ch\/fr\/wp-json\/wp\/v2\/projects\/11103\/revisions\/14548"}],"wp:featuredmedia":[{"embeddable":true,"href":"https:\/\/www.m2act.ch\/fr\/wp-json\/wp\/v2\/media\/11290"}],"wp:attachment":[{"href":"https:\/\/www.m2act.ch\/fr\/wp-json\/wp\/v2\/media?parent=11103"}],"wp:term":[{"taxonomy":"category","embeddable":true,"href":"https:\/\/www.m2act.ch\/fr\/wp-json\/wp\/v2\/categories?post=11103"},{"taxonomy":"jahr","embeddable":true,"href":"https:\/\/www.m2act.ch\/fr\/wp-json\/wp\/v2\/jahr?post=11103"}],"curies":[{"name":"wp","href":"https:\/\/api.w.org\/{rel}","templated":true}]}}

<p><em>FIT for the Future </em>est un projet de transformation et d’accompagnement curatoriel d’une durée de trois ans, conçu pour devenir un modèle de référence dans le panorama artistique. Né dans le contexte particulier du Canton du Tessin, territoire caractérisé par des ressources extrêmement limitées, ce parcours entend répondre à un besoin profond de renouvellement, non seulement dans la forme mais aussi dans la méthode. Concrètement, <em>FIT for the Future </em>aborde les questions suivantes : Comment garantir qu’un réseau fortement lié à une seule personne – composé de partenaires, de soutiens et de public.que.s – puisse être transmis à celle.eux qui prendra la relève ? Comment assurer le transfert de connaissances en vue d’un changement de direction, par exemple en particulier, avec le passage d’une direction individuelle à une co-direction et puis, à nouveau, à une direction individuelle ?</p>



<p>Dans une région où souvent le soutien institutionnel à la culture indépendante est sous-dimensionné et où souvent les métiers liés à la culture indépendante ne sont pas conçus comme une profession, <em>FIT for the Future </em>veut réaffirmer qu’un festival n’est pas un privilège, mais un service pour la collectivité, un moteur culturel et économique pour la région.</p>



<p>Le projet ne se concentre pas sur la simple substitution d’une figure directive par une autre, mais s’interroge sur comment ce passage se produit : sur le processus, sur le soin, sur la possibilité réelle de construire ensemble un contexte de travail sain, libre de dynamiques toxiques, de compétitions et de pressions. Le changement de leadership est donc compris comme un mouvement interne, relationnel, progressif : un temps d’apprentissage réciproque, de construction partagée, de co-curation.</p>



<p>L’objectif est de tester un modèle de transition durable, sans prédéterminer les délais ou l’issue finale. La direction artistique de Paola Tripoli, avec l’artiste et metteur en scène Simon Waldvogel – qui a déjà collaboré au fil des années avec le <em>FIT </em>– et l’équipe du festival, s’engagera dans un passage en fondu, où la figure sortante accompagne graduellement l’entrée de la nouvelle, favorisant un changement organique et sans fractures.</p>



<p>Le <em>FIT,</em> ces dernières années, a toujours placé au centre de sa vision l’idée que le théâtre n’a de sens que s’il est vécu comme un processus qui crée une communauté. C’est précisément son humanisme qui le rend radicalement différent d’autres domaines. <em>FIT for the Future </em>se déplace dans la même direction : comme tout processus authentique, il porte avec lui le risque de l’erreur mais aussi la promesse de la découverte. C’est un exercice d’expérimentation, ouvert, fluide et conscient de ses contradictions, qui veut offrir au monde des arts scéniques – et pas seulement – un modèle inspirant, capable de « régénérer sans couper ».</p>



<p></p>


<div class="wp-bootstrap-blocks-row row">
	

<div class="col-12 col-md-8">
			

    <div id="text-shadow-box-block_95bbc3b7cb0768fbd04986547634054b" class="mod-text-shadow-box" data-scheme="white">
		<p><strong>Personnes impliquées</strong></p>
<div>
<p><strong>Paola Tripoli, </strong>direction artistique</p>
<p><strong>Simon Waldvogel,</strong> bénéficiaire du projet</p>
<p>En collaboration avec <strong>l’équipe du FIT</strong></p>
<p><strong>Katia Gandolfi,</strong> assistante et responsable des projets spéciau</p>
<p><strong>Belma Dizdarevic de Marchi,</strong> secrétariat et production</p>
<p>En collaboration avec <strong>d’autres institutions théâtrales nationales et internationales</strong></p>
</div>
    </div>

	</div>



<div class="col-12 col-md-4">
			

    <div id="text-shadow-box-block_131c02eb5d2c4d3bd211d7321d11ac86" class="mod-text-shadow-box" data-scheme="yellow">
		<p><b>Plus d’informations</b></p>
<p><a href="https://www.fitfestival.ch/">Site Web</a><br />
<a href="https://www.instagram.com/fitfestlugano/">Instagram</a><br />
<a href="https://www.facebook.com/fitfestlugano/">Facebook</a></p>
<p>&nbsp;</p>
<p>&nbsp;</p>
    </div>

	</div>

</div>



<p></p>

<!-- This site is optimized with the Yoast SEO plugin v27.2 - https://yoast.com/product/yoast-seo-wordpress/ -->
<title>FIT Festival Internazionale del Teatro e della scena contemporanea – Lugano: FIT for the future - M2ACT</title>
<meta name="robots" content="index, follow, max-snippet:-1, max-image-preview:large, max-video-preview:-1" />
<link rel="canonical" href="https://www.m2act.ch/fr/projects/fit-for-the-future/" />
<meta property="og:locale" content="fr_FR" />
<meta property="og:type" content="article" />
<meta property="og:title" content="FIT Festival Internazionale del Teatro e della scena contemporanea – Lugano: FIT for the future - M2ACT" />
<meta property="og:description" content="FIT for the Future est un projet de transformation et d’accompagnement curatoriel d’une durée de trois ans, conçu pour devenir un modèle de référence dans le panorama artistique. Né dans le contexte particulier du Canton du Tessin, territoire caractérisé par des ressources extrêmement limitées, ce parcours entend répondre à un besoin profond de renouvellement, non [&hellip;]" />
<meta property="og:url" content="https://www.m2act.ch/fr/projects/fit-for-the-future/" />
<meta property="og:site_name" content="M2ACT" />
<meta property="article:modified_time" content="2026-02-11T08:54:23+00:00" />
<meta property="og:image" content="https://www.m2act.ch/wp-content/uploads/2025/04/Logo-Fit-exact.png" />
	<meta property="og:image:width" content="1080" />
	<meta property="og:image:height" content="1080" />
	<meta property="og:image:type" content="image/png" />
<meta name="twitter:card" content="summary_large_image" />
<meta name="twitter:label1" content="Durée de lecture estimée" />
	<meta name="twitter:data1" content="3 minutes" />
<script type="application/ld+json" class="yoast-schema-graph">{"@context":"https://schema.org","@graph":[{"@type":"WebPage","@id":"https://www.m2act.ch/fr/projects/fit-for-the-future/","url":"https://www.m2act.ch/fr/projects/fit-for-the-future/","name":"FIT Festival Internazionale del Teatro e della scena contemporanea – Lugano: FIT for the future - M2ACT","isPartOf":{"@id":"https://www.m2act.ch/en/#website"},"primaryImageOfPage":{"@id":"https://www.m2act.ch/fr/projects/fit-for-the-future/#primaryimage"},"image":{"@id":"https://www.m2act.ch/fr/projects/fit-for-the-future/#primaryimage"},"thumbnailUrl":"https://www.m2act.ch/wp-content/uploads/2025/04/Logo-Fit-exact.png","datePublished":"2025-04-14T13:36:11+00:00","dateModified":"2026-02-11T08:54:23+00:00","breadcrumb":{"@id":"https://www.m2act.ch/fr/projects/fit-for-the-future/#breadcrumb"},"inLanguage":"fr-FR","potentialAction":[{"@type":"ReadAction","target":["https://www.m2act.ch/fr/projects/fit-for-the-future/"]}]},{"@type":"ImageObject","inLanguage":"fr-FR","@id":"https://www.m2act.ch/fr/projects/fit-for-the-future/#primaryimage","url":"https://www.m2act.ch/wp-content/uploads/2025/04/Logo-Fit-exact.png","contentUrl":"https://www.m2act.ch/wp-content/uploads/2025/04/Logo-Fit-exact.png","width":1080,"height":1080},{"@type":"BreadcrumbList","@id":"https://www.m2act.ch/fr/projects/fit-for-the-future/#breadcrumb","itemListElement":[{"@type":"ListItem","position":1,"name":"Startseite","item":"https://www.m2act.ch/fr/"},{"@type":"ListItem","position":2,"name":"FIT Festival Internazionale del Teatro e della scena contemporanea – Lugano: FIT for the future"}]},{"@type":"WebSite","@id":"https://www.m2act.ch/en/#website","url":"https://www.m2act.ch/en/","name":"M2ACT","description":"Ein Projekt von Migros Kulturprozent","potentialAction":[{"@type":"SearchAction","target":{"@type":"EntryPoint","urlTemplate":"https://www.m2act.ch/en/?s={search_term_string}"},"query-input":{"@type":"PropertyValueSpecification","valueRequired":true,"valueName":"search_term_string"}}],"inLanguage":"fr-FR"}]}</script>
<!-- / Yoast SEO plugin. -->

FIT for the Future est un projet de transformation et d’accompagnement curatoriel d’une durée de trois ans, conçu pour devenir un modèle de référence dans le panorama artistique. Né dans le contexte particulier du Canton du Tessin, territoire caractérisé par des ressources extrêmement limitées, ce parcours entend répondre à un besoin profond de renouvellement, non [&hellip;]
