{"version":"1.0","provider_name":"M2ACT","provider_url":"https:\/\/www.m2act.ch\/fr\/","author_name":"Emily","author_url":"https:\/\/www.m2act.ch\/fr\/author\/emily\/","title":"FIT Festival Internazionale del Teatro e della scena contemporanea \u2013 Lugano: FIT for the future - M2ACT","type":"rich","width":600,"height":338,"html":"<blockquote class=\"wp-embedded-content\" data-secret=\"ZsjTQjM2iW\"><a href=\"https:\/\/www.m2act.ch\/fr\/projects\/fit-for-the-future\/\">FIT Festival Internazionale del Teatro e della scena contemporanea \u2013 Lugano: FIT for the future<\/a><\/blockquote><iframe sandbox=\"allow-scripts\" security=\"restricted\" src=\"https:\/\/www.m2act.ch\/fr\/projects\/fit-for-the-future\/embed\/#?secret=ZsjTQjM2iW\" width=\"600\" height=\"338\" title=\"\u00ab\u00a0FIT Festival Internazionale del Teatro e della scena contemporanea \u2013 Lugano: FIT for the future\u00a0\u00bb &#8212; M2ACT\" data-secret=\"ZsjTQjM2iW\" frameborder=\"0\" marginwidth=\"0\" marginheight=\"0\" scrolling=\"no\" class=\"wp-embedded-content\"><\/iframe><script type=\"text\/javascript\">\n\/* <![CDATA[ *\/\n\/*! This file is auto-generated *\/\n!function(d,l){\"use strict\";l.querySelector&&d.addEventListener&&\"undefined\"!=typeof URL&&(d.wp=d.wp||{},d.wp.receiveEmbedMessage||(d.wp.receiveEmbedMessage=function(e){var t=e.data;if((t||t.secret||t.message||t.value)&&!\/[^a-zA-Z0-9]\/.test(t.secret)){for(var s,r,n,a=l.querySelectorAll('iframe[data-secret=\"'+t.secret+'\"]'),o=l.querySelectorAll('blockquote[data-secret=\"'+t.secret+'\"]'),c=new RegExp(\"^https?:$\",\"i\"),i=0;i<o.length;i++)o[i].style.display=\"none\";for(i=0;i<a.length;i++)s=a[i],e.source===s.contentWindow&&(s.removeAttribute(\"style\"),\"height\"===t.message?(1e3<(r=parseInt(t.value,10))?r=1e3:~~r<200&&(r=200),s.height=r):\"link\"===t.message&&(r=new URL(s.getAttribute(\"src\")),n=new URL(t.value),c.test(n.protocol))&&n.host===r.host&&l.activeElement===s&&(d.top.location.href=t.value))}},d.addEventListener(\"message\",d.wp.receiveEmbedMessage,!1),l.addEventListener(\"DOMContentLoaded\",function(){for(var e,t,s=l.querySelectorAll(\"iframe.wp-embedded-content\"),r=0;r<s.length;r++)(t=(e=s[r]).getAttribute(\"data-secret\"))||(t=Math.random().toString(36).substring(2,12),e.src+=\"#?secret=\"+t,e.setAttribute(\"data-secret\",t)),e.contentWindow.postMessage({message:\"ready\",secret:t},\"*\")},!1)))}(window,document);\n\/\/# sourceURL=https:\/\/www.m2act.ch\/wp-includes\/js\/wp-embed.min.js\n\/* ]]> *\/\n<\/script>\n","thumbnail_url":"https:\/\/www.m2act.ch\/wp-content\/uploads\/2025\/04\/Logo-Fit-exact.png","thumbnail_width":1080,"thumbnail_height":1080,"description":"FIT for the Future est un projet de transformation et d\u2019accompagnement curatoriel d\u2019une dur\u00e9e de trois ans, con\u00e7u pour devenir un mod\u00e8le de r\u00e9f\u00e9rence dans le panorama artistique. N\u00e9 dans le contexte particulier du Canton du Tessin, territoire caract\u00e9ris\u00e9 par des ressources extr\u00eamement limit\u00e9es, ce parcours entend r\u00e9pondre \u00e0 un besoin profond de renouvellement, non [&hellip;]"}

FIT for the Future est un projet de transformation et d’accompagnement curatoriel d’une durée de trois ans, conçu pour devenir un modèle de référence dans le panorama artistique. Né dans le contexte particulier du Canton du Tessin, territoire caractérisé par des ressources extrêmement limitées, ce parcours entend répondre à un besoin profond de renouvellement, non [&hellip;]
